= 16*w + 41. List the prime factors of i(a).
13, 29
Let k(w) be the first derivative of 29*w + 220 - 104 - 140 + 3*w**2. What are the prime factors of k(15)?
7, 17
Let m(j) = -2*j**2 + j + 22. Let c be m(8). Let o = c - -92. List the prime factors of -3 + 4 + o/(-2)*22.
67
Let m(b) = 2436*b + 1452. What are the prime factors of m(10)?
2, 3, 239
Suppose 5*q - 5 = 0, 2*q + 22 = -3*t - 3. Let v(o) = -73*o - 26. List the prime factors of v(t).
631
Suppose 2*m + 9944 = -6*q + 30398, m = q + 10211. What are the prime factors of m?
3, 5, 227
Let d(g) = 1 + g**2 - 59*g - 61*g - 59*g + 176*g. Let i be d(4). Suppose -2*m - 4*k + 122 = 0, i*m + 76 = 2*k + 381. List the prime factors of m.
61
Let r = 11840 + -5930. What are the prime factors of r?
2, 3, 5, 197
What are the prime factors of ((-7722)/(-3) + 4)/((-18)/(-117))?
13, 1289
Suppose -p - 5*j = 6 + 11, -2*j = -p + 11. Suppose 70 = r + 3*w, -55 + 223 = p*r - 5*w. Suppose 18*o = 19*o - r. What are the prime factors of o?
61
Let k(t) = 3*t**2 + 17*t + 11053. List the prime factors of k(0).
7, 1579
Suppose -3*i - 246 + 754 = -5*j, -i - 524 = 5*j. Let r = 102 + j. List the prime factors of (7 + r)*(-134)/(-5).
2, 67
Let m(h) = -h**2 + 3*h + 10. Let y be m(-6). Let z(k) = -14*k + 2. Let w be z(2). Let b = w - y. List the prime factors of b.
2, 3
Suppose 30*m + 30*m = -32*m + 4134204. List the prime factors of m.
3, 4993
Suppose 11*w - 101788 = 94375. What are the prime factors of w?
17, 1049
Let d(g) = -98*g**3 - 5*g**2 - 42*g - 25. What are the prime factors of d(-5)?
2, 5, 1231
Suppose -4*c + 6*c = 3*r + 2, 4*c = 4. Suppose 3*h - 16875 + 3520 = 5*o, 2*h - 2*o - 8910 = 0. Suppose r = 12*q + 8*q - h. What are the prime factors of q?
223
Let s(r) = 1212*r**2 + 10*r - 7. Let d be s(4). Let g be ((-4)/6)/((-14)/d). Suppose 5*v + 1418 = 4*p + 164, 4*v - g = -3*p. What are the prime factors of p?
311
What are the prime factors of ((13436889/(-116))/41)/(-1 - (-5)/8)?
2, 3767
Suppose 9*w - 19 + 1 = 0. Suppose -5*n - 12 + 422 = -2*g, 0 = -w*g - n - 386. Let c = g - -347. List the prime factors of c.
2, 19
Suppose v = -4*q + 8132, 3129 = 4*q - 4*v - 5023. List the prime factors of q.
2, 3, 113
Suppose 4*r = -9*p + 282627, 26*r - 31*r - p + 353253 = 0. What are the prime factors of r?
2, 3, 5, 157
What are the prime factors of 57358/4 - (-20 - (-774)/36)?
2, 67, 107
Let c(u) = -743*u**3 + 2*u**2 - 2*u. Let a be c(1). Let m = 1209 + a. What are the prime factors of m?
2, 233
Let f(o) = 2*o - 4. Let g be f(4). Suppose 2*x - g*x + 4*i = 64, -3*i = 2*x + 50. List the prime factors of 758/14 - (-4)/x.
2, 3
Let d = 62 - 75. Let u = 24 + d. Let w(x) = 2*x**2 - 4*x - 8. List the prime factors of w(u).
2, 5, 19
Let v(x) = -731*x - 208. List the prime factors of v(-11).
3, 7, 373
Let i(h) = h**2 + 7*h + 7. Let n be i(-6). Let c be 4/(-1) + (-200)/(-100). What are the prime factors of -3*n*2/c?
3
Let m = -102 - -240. Suppose 0*v + 4*v - 352 = 0. Let d = m - v. List the prime factors of d.
2, 5
Let a be (2 - -56)*(-4 - -5). Suppose a*c + 286 = 59*c. What are the prime factors of c?
2, 11, 13
Suppose -5*m + 8018 = -m - 63582. List the prime factors of m.
2, 5, 179
Let r(d) = -56*d**3 - 2*d**2 + 4*d - 2. Let p be r(2). Suppose 1826*f - 1923 = 1823*f. Let m = f + p. What are the prime factors of m?
191
Suppose 291*i = 268*i + 205045. What are the prime factors of i?
5, 1783
Suppose -4*m + 2*c + 8 = 0, 2*c + 5 - 15 = -5*m. List the prime factors of (6 + -2)*((-4892)/(-16) - m).
3, 5
Let z be ((-9)/(-6))/((-81)/38340). Let i = 1004 + z. List the prime factors of i.
2, 3, 7
Let l = 33236 - 23405. What are the prime factors of l?
3, 29, 113
Let t = 12497 + -1820. What are the prime factors of t?
3, 3559
Let o = 215 - 233. Let w(b) = 2*b**2 + 18*b + 39. What are the prime factors of w(o)?
3, 11
Let l(z) = 14*z**2 - 22*z - 61. What are the prime factors of l(10)?
3, 373
Let p = 2427 + 414. What are the prime factors of p?
3, 947
What are the prime factors of 329109/9 + 780/234?
36571
Suppose 42*z - 75190 = -5*n + 43*z, 0 = -3*n - 4*z + 45114. List the prime factors of n.
2, 73, 103
Suppose 0 = n + 4*s + 5, n - 2*s = -4*n + 41. Let x = 171 - n. Suppose c = 5*c - x. What are the prime factors of c?
41
Let x(l) = l**2 - 4*l - 19. Let n be x(8). Let y = 287 - 43. Suppose y = n*w - 692. List the prime factors of w.
2, 3
Let j(h) = -h**3 + 9*h**2 - 10*h - 68. Let v be j(11). What are the prime factors of (21/(v/(-88)))/(2/570)?
2, 3, 11, 19
Suppose -2*r = -26*r - 6153 + 29241. What are the prime factors of r?
2, 13, 37
Suppose 16999 + 116435 = 25*s - 16*s. List the prime factors of s.
2, 3, 7, 353
Let g = 11011 - 5898. List the prime factors of g.
5113
Let h(m) = m + 55. Suppose b + 5 = -q + 2*b, 0 = 5*q + 3*b - 15. Let v be (-150)/(-12)*(q + (-32)/20). List the prime factors of h(v).
5, 7
Let c = -740 - -1327. Suppose 12*i = 15*i + 4*v - c, -189 = -i + 2*v. List the prime factors of i.
193
Let s(v) = 2370*v - 3149. List the prime factors of s(5).
7, 11, 113
Let y(c) = 57878*c - 26. Let b be y(4). List the prime factors of b/123 - (7 - (-1 + 2)).
2, 7, 67
Let y = 83697 + -49600. List the prime factors of y.
7, 4871
Let m(x) = -x**3 - 2*x - 1. Let k(r) = -5*r**3 - 3*r**2 + 4. Let b(p) = k(p) + m(p). List the prime factors of b(-2).
43
Let v = -495 + -322. Let z = -363 - v. Suppose 0 = -2*q + 5*d + 399, 5*q - z - 471 = -2*d. What are the prime factors of q?
11, 17
Let m be (-2*332)/(228/39 - 6). Suppose -5*j - 8*j + m = 0. List the prime factors of j.
2, 83
Suppose -5*f - 41 = b, 0 = b - 5*f - 4 + 35. Let q be -1 - (-7)/4 - b/(-48). Suppose -5*s + 0*s + 35 = q. List the prime factors of s.
7
Let m(o) = o + 10. Let y be m(-5). Let g(h) = h**3 - 6*h**2 + 2*h + 6. Let k be g(y). Let n = 22 - k. What are the prime factors of n?
31
Let j = -5076 - -12174. List the prime factors of j.
2, 3, 7, 13
Let b(z) = 164*z**2 - 36*z + 202. What are the prime factors of b(10)?
2, 3, 2707
Let d = -10898 - -12233. What are the prime factors of d?
3, 5, 89
Let s(g) = 2*g - 35. Let m be s(16). Let y be -50 + -3 + 4 + (-4 - m). Let q = y + 87. What are the prime factors of q?
37
Suppose 0 = -30*g + 443252 + 490704 - 284906. List the prime factors of g.
5, 4327
Suppose 5*y + q + 4902 = 9*y, 4*q - 1217 = -y. Let x = -819 + y. What are the prime factors of x?
2, 7, 29
Let h(r) be the second derivative of r**5/10 + r**4/12 - 4*r**3/3 - r**2/2 + 81*r. What are the prime factors of h(-2)?
3
Let h = -1686 + 3563. What are the prime factors of h?
1877
Let v(w) be the third derivative of w**4/12 - 17*w**3/3 - 4*w**2. Let q be v(18). Suppose q*l - 50 = 70. List the prime factors of l.
2, 3, 5
Let l be 2*11*5/(-10). Let z(i) = -i**3 + 23*i**2 - 4*i + 94. Let s be z(23). What are the prime factors of -24*(l/s)/(21/28)?
2, 11
Let s be 2*(3/(-3) + 29). Suppose -h = 4*z - 2, 3*h - 62 = 5*z + 12. Suppose s = j - h. What are the prime factors of j?
2, 37
Let z = -179 - -255. List the prime factors of 3*(z + 4 + 0 - 2).
2, 3, 13
What are the prime factors of 215*44 + (-30)/(-9)*(-39)/(-26)?
3, 5, 631
Let w(l) = -63*l**2 + 8*l - 9. Let u(k) = -126*k**2 + 15*k - 17. Let s(n) = -3*u(n) + 5*w(n). What are the prime factors of s(5)?
2, 389
List the prime factors of (-2876)/12*(-945)/35.
3, 719
Let r be (-1)/3 + (-8724)/(-36). Let d = r + 351. What are the prime factors of d?
593
Let y(s) = 6*s**2 - 42*s + 3. Suppose -3 - 17 = b. Let q(p) = p**2 + 19*p - 11. Let z be q(b). What are the prime factors of y(z)?
3, 37
Suppose 4*g + 28 = 4*j, -3*j = -4*j + 2*g + 9. Suppose 2*y = -j*u - 43 - 20, -3*y - 3*u - 72 = 0. Let b = 75 + y. What are the prime factors of b?
2, 7
Suppose -370*j - 72 = -364*j. What are the prime factors of j/6 - (-683 - 1)?
2, 11, 31
Let z = -17432 - -49202. What are the prime factors of z?
2, 3, 5, 353
Let m = 8683 + -4183. List the prime factors of m.
2, 3, 5
Let x(q) = q**3 - 8*q + 2. Let r be x(-9). Let j = -158 - r. What are the prime factors of j?
7, 71
Let u(q) = 56*q**2 + 86*q - 64. List the prime factors of u(-15).
2, 5623
Let x be -5*(-84)/35*32/3. Let y = x - -24. What are the prime factors of y?
2, 19
What are the prime factors of 16*55/(-2640)*(-1 - (0 + 13043))?
2, 1087
Let o(j) = -12*j + 9. Let p be o(-17). Suppose -f + 287 = -4*b, 2*b + 4*f + p - 83 